e 7) to base 5.
30323
-1ce1 (base 15) to base 5
-200121
-2137 (base 10) to base 14
-ac9
-1011001010 (base 2) to base 15
-329
What is 10011110111010 (base 2) in base 14?
39c6
What is -11122 (base 4) in base 7?
-1003
-bb28 (base 13) to base 6
-320352
Convert -70262 (base 8) to base 4.
-13002302
What is 715 (base 11) in base 16?
35f
Convert 213 (base 15) to base 9.
570
1104 (base 6) to base 5
2011
What is -259 (base 11) in base 8?
-462
Convert -3232133 (base 4) to base 3.
-202221022
What is 825 (base 14) in base 13?
962
3711 (base 9) to base 13
1348
Convert -420 (base 8) to base 13.
-17c
What is 370 (base 12) in base 6?
2220
51 (base 9) to base 13
37
Convert -3e2e (base 15) to base 3.
-200021022
Convert -143441 (base 5) to base 3.
-22101201
Convert 31201 (base 7) to base 15.
23ea
61142 (base 8) to base 15
76e1
Convert -210100001 (base 3) to base 4.
-3303001
-1021 (base 11) to base 13
-802
-356 (base 11) to base 13
-268
Convert 831 (base 13) to base 16.
570
-6536 (base 9) to base 5
-123222
-960 (base 11) to base 4
-102003
What is -332 (base 11) in base 2?
-110001110
Convert -10121 (base 5) to base 6.
-3021
Convert 727 (base 11) to base 4.
31230
What is 3558 (base 12) in base 4?
1131110
Convert -7167 (base 8) to base 11.
-2867
What is 22212221 (base 3) in base 14?
250a
Convert -2044 (base 8) to base 7.
-3043
What is -26c (base 15) in base 16?
-228
-1001100100110 (base 2) to base 6
-34410
Convert 284a1 (base 11) to base 14.
10aa9
Convert 232 (base 10) to base 8.
350
-10101011010 (base 2) to base 15
-615
What is 133 (base 14) in base 16?
f1
Convert 20df (base 16) to base 8.
20337
What is -200100 (base 3) in base 8?
-757
Convert 1110110 (base 2) to base 6.
314
What is 210454 (base 6) in base 13?
7999
-7758 (base 11) to base 9
-15023
4845 (base 15) to base 16
3c05
Convert -10010000100000 (base 2) to base 6.
-110452
What is -97a (base 12) in base 15?
-62a
71542 (base 9) to base 10
47099
2554 (base 7) to base 16
3ca
Convert 16821 (base 10) to base 13.
786c
What is -137d (base 16) in base 3?
-20211210
What is 1553 (base 15) in base 4?
1013202
What is -d6e (base 16) in base 13?
-1746
What is -1100110001 (base 2) in base 7?
-2245
-22011211 (base 3) to base 8
-13512
-b528 (base 16) to base 14
-12c88
What is -1236 (base 9) in base 14?
-4a0
-818 (base 9) to base 11
-555
-4567 (base 9) to base 11
-25a5
What is -450 (base 16) in base 4?
-101100
7505 (base 9) to base 11
4162
Convert -9e7e (base 16) to base 7.
-226202
-4de8 (base 15) to base 4
-10010003
1166 (base 9) to base 5
11440
What is -2031432 (base 5) in base 8?
-101127
-562 (base 12) to base 6
-3402
What is 2265 (base 9) in base 12?
b7b
1053 (base 12) to base 15
7e6
What is 464 (base 15) in base 11?
824
What is -100111111100 (base 2) in base 5?
-40211
What is 79 (base 10) in base 15?
54
-9594 (base 11) to base 5
-401222
What is 43355 (base 6) in base 16?
1757
What is 101101000000 (base 2) in base 3?
10221200
Convert 1265 (base 11) to base 3.
2020220
What is -5596 (base 10) in base 8?
-12734
Convert 10110100011 (base 2) to base 6.
10403
What is -13010 (base 6) in base 10?
-1950
What is 3010232 (base 4) in base 6?
134142
-8b03 (base 14) to base 7
-130203
What is -2db (base 16) in base 7?
-2063
-16812 (base 11) to base 13
-a990
8060 (base 11) to base 8
24732
101101 (base 2) to base 4
231
1001110 (base 3) to base 4
30000
What is 1d5 (base 14) in base 10?
383
-743 (base 11) to base 15
-3e9
-5226 (base 7) to base 2
-11100101001
What is -9926 (base 13) in base 14?
-7ab4
-45 (base 6) to base 11
-27
What is 894 (base 12) in base 15?
594
-98b (base 12) to base 10
-1403
-11111001101 (base 2) to base 5
-30442
-11111101 (base 2) to base 9
-311
-11101100100 (base 2) to base 12
-1118
What is -2330043 (base 5) in base 9?
-64287
Convert -179 (base 10) to base 8.
-263
356463 (base 7) to base 4
33303111
Convert 343 (base 12) to base 9.
586
Convert 111100010 (base 2) to base 10.
482
1112 (base 4) to base 14
62
Convert 3427 (base 8) to base 15.
810
-18446 (base 9) to base 16
-31d7
What is -10221 (base 5) in base 6?
-3102
What is -32212 (base 4) in base 10?
-934
12141 (base 7) to base 9
4306
What is 195 (base 10) in base 14?
dd
What is 265 (base 13) in base 4?
12211
What is -3442 (base 5) in base 16?
-1f1
Convert -18844 (base 9) to base 3.
-122221111
1231a (base 11) to base 4
10110113
What is -14 (base 9) in base 8?
-15
What is -3313 (base 10) in base 14?
-12c9
-102021112 (base 3) to base 10
-8222
-1410 (base 5) to base 3
-22112
What is 3331 (base 4) in base 6?
1101
Convert -2b38 (base 14) to base 6.
-55342
445 (base 12) to base 16
275
Convert -1125 (base 10) to base 12.
-799
Convert -600 (base 7) to base 10.
-294
Convert -1506 (base 15) to base 7.
-16065
What is 4562 (base 10) in base 15?
1542
What is 1333 (base 8) in base 10?
731
Convert 810 (base 14) to base 15.
707
Convert 79c (base 15) to base 5.
23342
Convert -cc6 (base 13) to base 10.
-2190
Convert -57 (base 15) to base 2.
-1010010
-22730 (base 8) to base 13
-4543
What is -3023430 (base 5) in base 12?
-24173
What is -355 (base 9) in base 2?
-100100101
Convert -121233 (base 4) to base 6.
-11343
What is -303 (base 4) in base 7?
-102
-24047 (base 10) to base 9
-35878
What is -769 (base 16) in base 12?
-1121
Convert 346 (base 9) to base 14.
165
What is 258 (base 13) in base 12?
2a3
Convert -1989 (base 15) to base 5.
-134104
Convert 17418 (base 14) to base 7.
332231
Convert 37a (base 13) to base 2.
1001100000
What is 3023 (base 8) in base 15?
6da
2466 (base 8) to base 5
20314
What is -32be (base 16) in base 15?
-3cb0
-5492 (base 10) to base 2
-1010101110100
-11122 (base 4) to base 3
-110211
Convert 12027 (base 9) to base 15.
25b4
What is 905 (base 15) in base 2?
11111101110
Convert -14617 (base 8) to base 2.
-1100110001111
What is 387 (base 12) in base 4?
20113
What is 48f (base 16) in base 4?
102033
What is 903 (base 16) in base 9?
3143
-3681 (base 10) to base 2
-111001100001
Convert 120112 (base 3) to base 12.
2ab
-4b10 (base 12) to base 11
-6435
What is -12642 (base 7) in base 14?
-1359
57c0 (base 13) to base 14
46c4
What is -6718 (base 13) in base 4?
-3200302
4853 (base 13) to base 7
41522
What is -244 (base 12) in base 4?
-11110
Convert -13330 (base 6) to base 8.
-4026
What is -67bb (base 12) in base 4?
-2303333
-250403 (base 6) to base 8
-53243
Convert -533 (base 9) to base 13.
-276
Convert 103 (base 5) to base 13.
22
Convert 1053 (base 8) to base 2.
1000101011
11001220 (base 3) to base 6
21423
-1ca5 (base 13) to base 10
-4360
-10104 (base 6) to base 4
-110320
Convert 21132 (base 4) to base 10.
606
Convert -518 (base 9) to base 15.
-1d2
13301203 (base 4) to base 10
31843
Convert 213211 (base 4) to base 13.
11cb
What is 66b0 (base 14) in base 15?
5414
Convert -2001 (base 5) to base 15.
-11b
What is -1104 (base 10) in base 14?
-58c
88a (base 15) to base 4
132022
What is 60222 (base 9) in base 4?
21221330
10100001010 (base 2) to base 14
682
Convert -11001001111100 (base 2) to base 5.
-403144
-21318 (base 9) to base 16
-371f
-c4 (base 13) to base 7
-316
Convert -50534 (base 8) to base 7.
-114503
Convert 3102 (base 13) to base 7.
25500
Convert -2122 (base 8) to base 12.
-782
What is -40da (base 16) in base 5?
-1012402
What is -12c2 (base 16) in base 11?
-3676
-c7 (base 13) to base 6
-431
What is 3343 (base 13) in base 14?
286d
What is 101021 (base 6) in base 11?
6018
Convert 6990 (base 10) to base 8.
15516
1222 (base 9) to base 5
12121
Convert 806 (base 9) to base 15.
2d9
-1120313 (base 4) to base 3
-21210122
Convert 84b (base 15) to base 10.
1871
What is 601 (base 11) in base 9?
887
-7aba (base 16) to base 15
-9498
Convert -2112 (base 8) to base 16.
-44a
What is 101200211 (base 3) in base 14?
2bb0
Convert -212301 (base 4) to base 13.
-118b
Convert 204 (base 9) to base 5.
1131
Convert 688 (base 12) to base 15.
448
Convert -22086 (base 11) to base 8.
-76446
-3130 (base 6) to base 4
-22332
Convert 2472 (base 8) to base 13.
7bc
What is -126c (base 16) in base 2?
-1001001101100
-13110 (base 9) to base 6
-104530
What is -40021 (base 5) in base 6?
-15343
What is 23456 (base 11) in base 6?
420324
What is -10100020 (base 3) in base 2?
-100110000100
What is -315 (base 14) in base 8?
-1137
What is -4045 (base 14) in base 7?
-44115
Convert 64 (base 15) to base 4.
1132
What is a9b 